a prime number?
False
Is 12875267 composite?
True
Is 612901429 prime?
False
Is 111775709 composite?
True
Is 8168669 composite?
False
Is 13391183 composite?
True
Is 4619541 a prime number?
False
Is 73740187 a composite number?
False
Is 5610433 a composite number?
False
Is 446131927 a prime number?
False
Is 3824533 prime?
False
Is 571891 a composite number?
True
Is 868993 prime?
True
Is 17395915 prime?
False
Is 3170249 a composite number?
False
Is 360163 a prime number?
True
Is 2380837 prime?
True
Is 2898379 a prime number?
False
Is 126360761 a prime number?
True
Is 13725419 composite?
True
Is 4181887 prime?
False
Is 16774691 a composite number?
True
Is 7387799 composite?
False
Is 3459749 a composite number?
False
Is 878892089 a prime number?
True
Is 16396747 composite?
True
Is 75498089 composite?
False
Is 5321315 prime?
False
Is 1263047 prime?
True
Is 3519709 a prime number?
False
Is 6336763 a prime number?
True
Is 10728569 prime?
False
Is 138255245 a composite number?
True
Is 45155263 a prime number?
False
Is 333607 prime?
False
Is 168947663 a composite number?
False
Is 256669067 composite?
False
Is 773893 composite?
True
Is 100260803 a prime number?
False
Is 451591615 composite?
True
Is 2025547 composite?
True
Is 43416515 prime?
False
Is 10356119 prime?
False
Is 11150521 prime?
False
Is 15481021 prime?
True
Is 187286101 composite?
False
Is 104598761 prime?
True
Is 2735102 a composite number?
True
Is 26928943 prime?
True
Is 18018839 composite?
False
Is 2621589 a prime number?
False
Is 2381473 composite?
False
Is 236670143 a composite number?
True
Is 5782757 a prime number?
False
Is 329400173 a composite number?
False
Is 221557033 composite?
False
Is 2077201441 a prime number?
False
Is 16190197 a composite number?
False
Is 287397197 composite?
False
Is 38570921 composite?
False
Is 4661515 a composite number?
True
Is 10802067 prime?
False
Is 4438702 prime?
False
Is 61680191 composite?
False
Is 70310699 a prime number?
True
Is 23122769 prime?
True
Is 1372834 a prime number?
False
Is 425758057 composite?
False
Is 851183 composite?
True
Is 117102347 composite?
False
Is 3043465 a composite number?
True
Is 1579003 prime?
False
Is 245545 a composite number?
True
Is 960339 a composite number?
True
Is 30702367 prime?
True
Is 29476303 prime?
False
Is 65003923 a composite number?
False
Is 115388797 prime?
True
Is 1003134893 a prime number?
True
Is 27953071 composite?
True
Is 453494593 a prime number?
False
Is 41817569 composite?
True
Is 2127007 a prime number?
True
Is 2116039 a composite number?
False
Is 21519037 composite?
True
Is 37251779 a prime number?
True
Is 2489639 a composite number?
False
Is 25300519 a prime number?
False
Is 27168277 a composite number?
True
Is 46149113 a prime number?
True
Is 4684597 prime?
True
Is 14077067 a composite number?
False
Is 23449213 prime?
False
Is 1004153 composite?
True
Is 6002599 a composite number?
False
Is 155665903 prime?
True
Is 25748927 a composite number?
False
Is 173888773 composite?
False
Is 548585 composite?
True
Is 124669 a prime number?
True
Is 6729071 a composite number?
True
Is 6839461 prime?
True
Is 27282361 composite?
True
Is 3399427 prime?
True
Is 137510609 a prime number?
True
Is 2905379 prime?
False
Is 18311807 composite?
False
Is 1434701 a composite number?
True
Is 15081449 a prime number?
False
Is 180610291 composite?
False
Is 1190117 composite?
True
Is 44939777 prime?
True
Is 24292769 a prime number?
True
Is 8093333 prime?
True
Is 26319299 a composite number?
False
Is 25885859 a composite number?
False
Is 541181 a prime number?
True
Is 106097223 prime?
False
Is 4272683 composite?
False
Is 47595909 prime?
False
Is 71957 composite?
True
Is 999128299 a prime number?
False
Is 26088529 composite?
False
Is 7744929 a prime number?
False
Is 12490963 a composite number?
False
Is 732761783 prime?
False
Is 9891431 a prime number?
False
Is 56288759 prime?
True
Is 383419 prime?
True
Is 3479059 prime?
False
Is 3016093 prime?
True
Is 450775069 a prime number?
True
Is 64825999 a prime number?
False
Is 10879283 a composite number?
True
Is 11260258 a composite number?
True
Is 7899521 a prime number?
False
Is 59523 a composite number?
True
Is 259112053 a composite number?
True
Is 7559467 composite?
False
Is 3495935 prime?
False
Is 910709 a composite number?
False
Is 3379133 a composite number?
True
Is 35905489 prime?
True
Is 20265803 a prime number?
False
Is 135328663 prime?
False
Is 21297469 a composite number?
False
Is 3547535 a composite number?
True
Is 423726269 prime?
True
Is 63343993 prime?
False
Is 169219933 composite?
True
Is 1104199 prime?
False
Is 8356051 a prime number?
False
Is 32617469 prime?
True
Is 13530521 a prime number?
False
Is 35486807 composite?
True
Is 18140123 prime?
False
Is 5277881 composite?
True
Is 437387 a prime number?
True
Is 293044109 a prime number?
False
Is 5164559 a composite number?
True
Is 25862129 prime?
True
Is 2304663 a prime number?
False
Is 29016167 a prime number?
False
Is 30116783 prime?
True
Is 69456931 composite?
False
Is 35792699 prime?
False
Is 1117741178 composite?
True
Is 728131883 composite?
False
Is 11381351 a composite number?
True
Is 998861 a prime number?
True
Is 1191431 prime?
True
Is 179185063 a composite number?
True
Is 1136671 prime?
False
Is 345008107 a composite number?
False
Is 44461727 a composite number?
True
Is 2114951 a composite number?
False
Is 12508363 a composite number?
True
Is 11934437 prime?
False
Is 52637 a composite number?
True
Is 35361497 composite?
False
Is 3789631 a prime number?
False
Is 49949059 a prime number?
True
Is 19540687 a composite number?
False
Is 2705711 prime?
False
Is 82999901 prime?
False
Is 1052179 a composite number?
False
Is 9428677 composite?
True
Is 90157415 a composite number?
True
Is 22779883 composite?
True
Is 42014087 a prime number?
True
Is 12501785 prime?
False
Is 1752185 a prime number?
False
Is 140274767 prime?
False
Is 124219591 composite?
True
Is 5781299 a composite number?
True
Is 3075949 a composite number?
False
Is 33093161 a composite number?
False
Is 29080463 prime?
True
Is 48737659 a prime number?
True
Is 34844533 a composite number?
False
Is 7249067 composite?
True
Is 1071107 a prime number?
False
Is 225673069 prime?
False
Is 3166969 a composite number?
True
Is 10429337 a composite number?
False
Is 21958417 composite?
True
Is 1739701 prime?
False
Is 65898843 composite?
True
Is 9862973 prime?
False
Is 4209451 composite?
False
Is 11631539 a composite number?
True
Is 669206 prime?
False
Is 38067611 prime?
False
Is 6050159 a prime number?
True
Is 87614591 a composite number?
True
Is 2415971 a composite number?
True
Is 300588413 a composite number?
True
Is 140003537 composite?
True
Is 85212689 composite?
False
Is 2365045 a composite number?
True
Is 19927547 prime?
True
Is 36597503 prime?
False
Is 317543 a prime number?
False
Is 35256101 a composite number?
False
Is 65922709 composite?
True
Is 295063681 prime?
False
Is 60933326 prime?
False
Is 210394451 a prime number?
False
Is 4032335 a prime number?
False
Is 6558658 a prime number?
False
Is 10212373 prime?
True
Is 3768931 a composite number?
True
Is 37923367 a prime number?
False
Is 8231759 prime?
False
Is 12351407 composite?
False
Is 122233541 a composite number?
False
Is 1180879 a prime number?
False
Is 521957 a prime number?
False
Is 152578169 composite?
False
Is 2620615 prime?
False
Is 239844029 prime?
True
Is 14427869 prime?
True
Is 24048419 prime?
False
Is 223059 a prime number?
False
Is 5683357 prime?
True
Is 248496139 prime?
True
Is 4741601 prime?
True
Is 842581 a prime number?
True
Is 11795237 a prime number?
True
Is 2316929 prime?
False
Is 1584089447 prime?
True
Is 110089 composite?
True
Is 54949939 a composite number?
True
Is 1825271 a composite number?
True
Is 48199003 prime?
True
Is 11777 prime?
True
Is 1541263 prime?
False
Is 70139 prime?
True
Is 175443137 a prime number?
False
Is 1469754877 a composite number?
False
Is 325428251 a prime number?
True
Is 235334269 a prime number?
True
Is 4572651 composite?
True
Is 140327321 composite?
False
Is 2291797 a composite number?
False
Is 116043991 prime?
False
Is 69888359 composite?
False
Is 4457803 composite?
True
Is 12345701 a prime number?
True
Is 34901171 composite?
True
Is 25907753 a prim